e 24*o = 23*o - 966. Let q = 1363 + o. Is q composite?
False
Is ((-145764)/(-24))/(3/6) a composite number?
True
Suppose 0 = -5*o - 71 + 11. Let z = -2 + 2. Is 1 - (o + 2) - z a composite number?
False
Let w = -259 - 111. Let l = -105 - w. Is l a prime number?
False
Suppose 0 = 3*d - 4*a - 16, -2*d + 7*a - 3*a = -16. Let g be d/(-4*1) + -3. Let y(n) = -5*n**3 + 2*n**2 + 5*n + 4. Is y(g) a prime number?
False
Suppose 0 = u - 3*x - 12548, -13 = x - 18. Is u composite?
True
Let f(w) = w**2 + w + 95. Let o = -56 - -56. Is f(o) prime?
False
Suppose -6 - 6 = -3*r. Let x(t) = 6*t**3 - 2*t**2 + 4*t + 5. Is x(r) a composite number?
False
Let z be (-3)/6*0/(-1). Let s = z - -4. Suppose -200 = -s*j - 3*i, -4*i = -3*j - 0*i + 125. Is j composite?
False
Let x(t) be the second derivative of -1939*t**3/6 - 14*t**2 - 23*t + 1. Is x(-3) a composite number?
True
Suppose -304 = 38*q - 42*q. Is 19/q - 7982/(-8) a composite number?
True
Let a = 1078 - 564. Suppose -3*i + a + 95 = 0. Is i a prime number?
False
Let h(t) = -19*t + 19. Let c be h(5). Let b = c - -789. Is b a composite number?
True
Let a be (-7)/(-2)*(-9 + 11). Is 21882/98 - 2/a prime?
True
Suppose 16*a - 61 = 11251. Is a a composite number?
True
Let i(t) = -2*t + 2. Let c(k) = -k + 1. Let h(n) = -4*c(n) + i(n). Let r be h(3). Suppose 3*q - 489 = 5*a + 488, q - r*a = 321. Is q a prime number?
False
Let q = -821 - -157. Let z be (-4 - -12) + -4 - q. Suppose 0*k = 2*k + 4*u - 658, 0 = -2*k - 2*u + z. Is k prime?
False
Let n(p) = -p**3 + 370. Let r be n(0). Suppose 25*g + r = 27*g. Is g a prime number?
False
Let p(o) = 48*o**2 + o + 37. Let i be p(-10). Let v = i - 3362. Is v a prime number?
False
Suppose -5*v + 3 = -17. Suppose -p - 25 = -6*p, -d + v*p = 23. Is 1 + d + (-426)/(-2) a prime number?
True
Let f = -9914 + 20283. Is f composite?
False
Suppose -2*s - 11*d + 32196 = -3*d, -3*s = -2*d - 48322. Is s a composite number?
True
Let g(t) = -3*t**2 + 6*t - 5. Let p be g(4). Let m = -24 - p. Is (-753)/(m/(-5)*3) composite?
False
Suppose -34*y + 1635021 = 153505. Is y prime?
False
Let z(s) = -169*s + 20. Let y be z(-14). Suppose 6*g + y = 8*g. Is g composite?
False
Let w = 3 + -1. Suppose 6*c = w*c. Suppose c = -2*f + 4*v + 26, -10 = -3*v + v. Is f a composite number?
False
Let v(l) = -2*l - 8. Suppose 10 = -5*n - 30. Let k be v(n). Suppose -3*m + k*m - 55 = 0. Is m a prime number?
True
Let z = 152359 + -77624. Is z composite?
True
Let j(c) = 5*c**2 + 41 - 17*c**2 - 8*c - c - 2*c**2 - c**3. Is j(-17) prime?
True
Let y = 886 + -1579. Let u = y - -1130. Is u a composite number?
True
Let l = 18403 + -9395. Suppose 3*q - 11*q + l = 0. Is q composite?
True
Let d = -5241 - -14255. Is d composite?
True
Suppose 9*u = 4*u + 30. Let r be (-3)/u - 2/(-4). Suppose o + 3*o - 56 = r. Is o composite?
True
Let a be 2/(-8) - 27/(-12). Let x(y) = 43*y**2 + 2*y. Let n be x(-2). Suppose 0 = -2*m + 2*b + n, -a*m - 3*m - b = -450. Is m composite?
False
Let w(k) = k**2 - 9*k + 12. Let u be 0 - -8 - (0 - 0). Let d be w(u). Suppose 5*v - d*t + 5*t = 36, -2*v + 3*t = -11. Is v composite?
False
Let z(q) = 575*q**2 + 12*q - 22. Is z(3) prime?
True
Suppose 5*a - 4*a - 37 = -3*b, 4*b = 2*a + 46. Suppose -3*n + 0 = b. Is (-30)/n*(-136)/(-12) a composite number?
True
Let r(f) be the third derivative of 19*f**6/60 - f**5/60 + f**4/24 + f**3/2 - 4*f**2. Let p(d) be the first derivative of r(d). Is p(1) composite?
False
Is (9*(-5)/(-90))/((-3)/(-42018)) composite?
True
Let l(c) = 143*c**2 - c + 17. Is l(5) a prime number?
False
Let v(b) = -168*b - 155. Is v(-25) a composite number?
True
Suppose -3*t = -4*t + 95. Let r(f) = -9*f + t*f + 1 + 138*f - 26*f. Is r(2) prime?
True
Let b(q) = -8*q + 2. Let w = -8 - -3. Let o be b(w). Suppose n - o = -2*n. Is n a composite number?
True
Let y(h) = 1665*h - 622. Is y(19) composite?
False
Suppose -77*s = -67*s - 172910. Is s composite?
False
Suppose 0 = -4*g + d + 234522, -4*g - 11*d + 234528 = -9*d. Is g a composite number?
False
Suppose 57*t = 55*t + 278. Is t composite?
False
Let f(j) = j**2 - 2*j + 29. Let s be f(14). Suppose -3*i + s = 2*o, -3*i + 0*o = -5*o - 232. Is i a prime number?
False
Suppose 86*r - 90*r + 87940 = 0. Is r a prime number?
False
Is (-8 - -9)/((-1)/(-1073)) a prime number?
False
Let h(g) = -6*g**2 - g + 10. Let a(z) = 11*z**2 + 2*z - 21. Let d(k) = -6*a(k) - 13*h(k). Is d(-6) composite?
True
Let y(u) = -532*u - 783. Is y(-22) a composite number?
True
Let m be (-7)/35 - 52/(-10). Suppose -5*q = -m - 5. Suppose q*a - 159 = 155. Is a a composite number?
False
Suppose -m + 374 = -5*o + 1440, -2*o + m + 427 = 0. Let s = o + 134. Is s a composite number?
False
Let d = 11313 + 18734. Is d composite?
False
Let n(k) = -15*k + 10. Let i(j) = j**3 + 5*j**2 + j - 5. Let a be i(-4). Let g be n(a). Let p = 24 - g. Is p a composite number?
True
Let j be 2/((2/(-331))/(-1)). Suppose -5*b - 59 = -q + 40, 2*b - j = -3*q. Is q composite?
False
Let k = -309 + 484. Let s = -108 + k. Is s composite?
False
Let f = 1515 + 259. Let h = 2525 - f. Is h a composite number?
False
Let d(j) = -j**3 - 3*j**2 - j + 2. Let y(n) = n**2 + 7*n - 1. Let c be y(-8). Suppose -4*o = c + 9. Is d(o) prime?
False
Suppose -h = -4*y + 139405, -h - 174256 = 69*y - 74*y. Is y prime?
False
Let q(v) = -324*v - 5. Let a(b) = -648*b - 10. Let k(m) = 6*a(m) - 13*q(m). Is k(2) a prime number?
True
Suppose 0 = d + b, 3*b - 2*b = 2*d + 12. Let l be (-1)/((d/131)/(-4)). Let x = 218 + l. Is x a composite number?
True
Suppose -1 = -3*a + 3*m - 7*m, -4*m + 4 = 4*a. Let k be 0/(2/6*a). Suppose k = 5*f - 965 - 825. Is f a prime number?
False
Is 5 - (-5191)/(-3 - 70/(-21)) a prime number?
False
Suppose 11*j - 5*j - 804 = 0. Let f be 0 + 0 + 510/2. Let v = f - j. Is v composite?
True
Suppose -10 = 5*b, 2*w + 2553 = 7*w - 4*b. Let c = -360 + w. Is c composite?
False
Let s(r) = 4*r**3 - 7*r**2 + 3*r - 83. Is s(9) prime?
True
Let w(l) = -87*l - 22. Let q be w(-14). Suppose -74 - q = -2*a. Is a a composite number?
True
Let d(b) be the third derivative of b**5/60 + 3*b**4/8 + 7*b**3/6 - 3*b**2. Let a be d(-8). Let q(r) = -239*r**3 - r - 1. Is q(a) a composite number?
False
Let u(m) be the third derivative of m**7/630 + m**6/144 + 11*m**5/120 - m**4/12 - 3*m**2. Let n(o) be the second derivative of u(o). Is n(8) prime?
True
Suppose -53*f + 58*f - 8195 = 0. Is f prime?
False
Let u(j) = 2266*j + 91. Is u(3) composite?
True
Let c = 1903 - 366. Is c prime?
False
Suppose 16*v = 25*v - 88029. Is v a prime number?
True
Let c be 102/27 - (-4)/18. Suppose 2*o = -0 + c. Suppose x = 5*f + 64, -o*x - f + 294 = 3*x. Is x prime?
True
Let h be (-56)/(-12) + (-1)/(-3). Suppose -1 = -3*z + h. Suppose -z*n + 6 = -70. Is n composite?
True
Let p(c) = 5*c**3 - 6*c**2 + 5*c + 25. Is p(7) composite?
False
Let z(s) = -132*s - 1. Let l be z(8). Is (-1)/(1/l) + 4 a composite number?
False
Let l(o) = 874*o + 6. Let u be l(5). Suppose 0*v + 4*j = 2*v - 2188, -4*v + j = -u. Let t = v + -657. Is t a composite number?
True
Suppose 3*q - 2 = q - 4*b, -2*b + 11 = 3*q. Let h(g) = -8*g + 13. Let s(v) = 28*v - 39. Let d(t) = 8*h(t) + 3*s(t). Is d(q) prime?
False
Let v = -16 - -12. Is (-178)/v*(3 - 1) a prime number?
True
Let w(b) be the first derivative of 3*b**2/2 - 3*b - 4. Let f be w(2). Suppose -670 = -5*c + f*c. Is c a composite number?
True
Let c = -62 - -68. Suppose -2*g - c*g + 8968 = 0. Is g a composite number?
True
Suppose -5*a = -c + 20487, 46570 = 4*c + 4*a - 35474. Is c composite?
False
Is (3 + -2)/((-5)/(-5195)) prime?
True
Is -1 + 27/9*17522 a prime number?
False
Let p be 6/(-15) - 68/(-20). Let u be (-1)/(p/72) - -2. Let m = 45 + u. Is m composite?
False
Let j(d) = d**3 + 1555. Let q be j(0). Let c = q + -612. Is c composite?
True
Let o(r) = 157*r**2 - 2*r - 1. Suppose 2*x + 4 = -i - 1, 3*x = 3*i + 6. Is o(x) prime?
False
Suppose -4*j + 3*q + 124 = 0, 0 = -5*j - 5*q + 80 + 110. Suppose j = -o + 121. Is o a composite number?
True
Suppose -6*k + 23257 + 51149 = 0. Is k a prime number?
True
Let m(k) be the third derivative of 17*k**5/20 + k**3/6 - 2*k**2. Let b be m(1). Suppose -b = -x + 25. Is x prime?
False
Let s = -70 - -70. Suppose 3*i - 9*i + 522 = s. Is i prime?
False
Let q(k) = 184*k**3 - 2*k**2 + 5*k - 4. Let j be q(2). Let r = j + -402. Suppose -8*z + 4*